Let o be 6/4 - 2/(-4). Let c(r) = -r**3 + 15*r**2 - 3*r + 5. Let q be c(14). Suppose -o*p = 3*a - q, -2*a - 3*p + 52 = -49. What is the units digit of a?
5
Let n(s) = 2*s**2 + 16*s + 153. What is the hundreds digit of n(20)?
2
What is the units digit of (7 + -2 - 223)*-4?
2
Let p = 7072 - 3071. What is the tens digit of p?
0
Let x(j) be the second derivative of j**3/6 - 3*j**2 + 3*j. Let p be x(4). What is the tens digit of 26 + -1*(0 - p)?
2
Suppose 5 = -4*w + y, 10 = -4*w + 2*w - 2*y. Let z(d) be the first derivative of -21*d**2/2 + 5. What is the tens digit of z(w)?
4
Suppose -4*g + 5*o = -61, -2*g - o = 2*o - 25. Suppose g*t = 59 + 151. What is the units digit of t?
5
Suppose -3*u + 3612 = -b, 5*u + 6016 = 10*u - 3*b. What is the hundreds digit of u?
2
Let m be (-127)/4 + 4/(-16). Suppose -49 = 19*k - 20*k. Let b = m + k. What is the units digit of b?
7
Suppose 0 = j, 2*j - 6 = p + p. Let f(k) = -k + 3. Let z be f(0). What is the tens digit of 26 + -4 + z + p?
2
Let w = 2753 + -1857. What is the units digit of w?
6
Let n = 6 - 6. Suppose -4*c + 4*a = 2*a - 130, -2*c - 4*a + 90 = n. What is the units digit of 34/10 - 14/c?
3
Let a be 1/(-2)*(-28)/2. Let h(g) = -10*g + 3*g**2 + 20*g - 4*g**2 - 5. What is the tens digit of h(a)?
1
Suppose 6*i - 1 = 7*i. Let l be 2 + i + 2 + 0. Suppose -z + 4*h + 4 = 2, 3*z + l*h - 36 = 0. What is the tens digit of z?
1
Suppose 2*h - 5*k - 15 = h, 12 = 2*h - k. Suppose -h*u + j + 1475 = 0, 1475 = 5*u + j - 4*j. What is the tens digit of u?
9
What is the hundreds digit of -4 - ((-15 + -5)/(-5) - 354)?
3
Let z(q) = -3*q**2 - 12*q + 5. Let h(a) = -1 - 2*a + 9*a - 8*a - a**2. Let d(o) = -4*h(o) + z(o). What is the units digit of d(7)?
2
Let y(o) = -o. Suppose -4*r = -7*r - 5*i + 28, 3*r + i - 32 = 0. Suppose l - 3*b = 8, 4*l = 6*l - 5*b - r. What is the units digit of y(l)?
7
What is the hundreds digit of 6 + 1/(3/(-21))*-325?
2
Let z = 1446 + -962. Suppose z = 6*l + 82. What is the tens digit of l?
6
Suppose -47*h + 55*h - 4768 = 0. What is the hundreds digit of h?
5
Let m be (-16)/72 + -3 + 220/18. Suppose -1603 = m*c - 16*c. What is the tens digit of c?
2
Let p be (80/6)/((-2)/(-12)). Suppose 4*n = -0*n + p. Let z = n - -3. What is the units digit of z?
3
Let w be (11 - 8)/(3/2). Suppose -w*i - i - 39 = 0. Let x = i - -26. What is the units digit of x?
3
Let i be 67 - (0/(-4) + 1). Suppose -12 + 0 = -4*p. Suppose -p*r - 15 = -4*r - x, 4*x + i = 3*r. What is the tens digit of r?
1
Let h = 0 - -89. Suppose 3*q - 2*q = h. What is the tens digit of q?
8
Let q(w) = -2*w - 2. Suppose d + 4 = s - 2*d, 4*s + 2*d + 40 = 0. Let a(f) = 2*f + 9. Let x be a(s). What is the units digit of q(x)?
2
Let h(b) be the first derivative of -9*b**2/2 + 10*b + 12. What is the units digit of h(-7)?
3
Let w(z) = -z + 3. Let j be w(3). Suppose -4 = -v - j*v. Suppose -o + 135 = v*o. What is the tens digit of o?
2
Let h be (6/8)/(3*7/28). What is the tens digit of (1288/8 - 8/(-2))*h?
6
Suppose -2*p + 11025 = -5*o + 3458, 2*p + 4*o - 7522 = 0. What is the tens digit of p?
7
Suppose -f + 17 = 188. Let k = -71 - f. What is the hundreds digit of k?
1
Suppose -2 = 5*c - 2*q + 1, -4*c - 5 = q. Suppose -3*l + 14 = -j, 2*l - 10 - 1 = -j. Let y = l + c. What is the units digit of y?
4
Let k = 423 - -765. What is the units digit of k?
8
Suppose -151 + 46 = 5*n. Let w = n - -55. What is the units digit of w?
4
What is the hundreds digit of 2355/(3 - 0) - (-42 - -40)?
7
Let j be 85/20 + 1/(-4). Suppose 350 = j*d + i, 4*i - 75 - 20 = -d. What is the tens digit of d?
8
Suppose 2020 - 4964 = -4*v. What is the units digit of v?
6
Let w(i) be the second derivative of i**3/6 + 3*i**2/2 - 2*i. Suppose -2*q = 3*q. What is the units digit of w(q)?
3
Let v(o) be the second derivative of -19*o**5/120 - o**4/8 - o**3/6 + 6*o. Let a(q) be the second derivative of v(q). What is the units digit of a(-2)?
5
Suppose -14 = 2*q - 114. Suppose 4*o = 2*o - q. Let g = -6 - o. What is the tens digit of g?
1
Suppose -5*i - 4*t = 16, 2 = 2*i - t - 2. Let j(c) = -c**3 - c + 18. Let l be j(i). What is the units digit of (-2)/3 + 462/l?
5
Let y = 417 - 272. Suppose 5*t = 65 + y. What is the tens digit of t?
4
Suppose -3407 = -6*j + 2533. What is the hundreds digit of j?
9
Let o = 6 + 33. Suppose 0*i = -3*f + 3*i - o, -i + 45 = -5*f. What is the units digit of (-170)/(-40) + 2/f?
4
Let j = -13 + 7. Let p = j + 12. Suppose t - p = -3*y + 1, 5*y = 2*t - 3. What is the units digit of t?
4
Suppose -2666 = -4*o + 614. Suppose -5*m = -0*m - o. What is the hundreds digit of m?
1
Let j(l) = 2*l**2 + 69*l - 49. What is the hundreds digit of j(-38)?
2
Suppose -18*z + 9*z = -6930. What is the units digit of z?
0
Let l = 104 + 516. What is the tens digit of l?
2
Let m(v) = v + 7. Let t be m(0). Let q(h) = h**3 - 8*h**2 - 7*h - 7. Let a be q(t). Let s = -47 - a. What is the tens digit of s?
5
Let m(h) = 2*h + 23. Let u be m(-7). Let b(k) = 17*k - 5. What is the tens digit of b(u)?
4
Suppose 2 = i, -2*m = -0*i + 4*i - 8. Suppose 3*p + 2*j - 136 = m, j + 4*j - 109 = -2*p. What is the units digit of p?
2
What is the tens digit of (2/(-6))/(1/(-1599))?
3
Let c(n) = -115*n - 72. What is the tens digit of c(-7)?
3
Let o be 1/((1 - -3)/56). Suppose 1 + o = -3*v, -p + 152 = -4*v. What is the tens digit of p?
3
Let l(n) = -n**3 - n**2 + 18*n - 40. What is the hundreds digit of l(-11)?
9
Let c(l) = -1607*l - 62. What is the tens digit of c(-1)?
4
Suppose -2*b = -205 + 49. Suppose -3*g - 2*u + b = 0, -5*u = g - 0*g - 39. Let m = 52 - g. What is the units digit of m?
8
Let t(f) = -89*f - 117. What is the thousands digit of t(-15)?
1
Suppose 0 = -3*a - 3*z + 16182 - 4410, 4*a - 15711 = -z. What is the hundreds digit of a?
9
Let h be 8/12 - (-7)/3. Let o = h - 0. Let y(p) = 2*p**3 - 4*p**2 + 5*p - 3. What is the tens digit of y(o)?
3
Suppose -5292 = -9*h - 1287. What is the tens digit of h?
4
Let b(z) = z**2 - 5*z + 12. Let w be b(8). Suppose -114 = -2*l + w. What is the units digit of l?
5
Let a = -142 - -303. What is the tens digit of a?
6
Let y(s) = -3*s + 0*s - s**2 - s + 7. Let m = -81 + 76. What is the units digit of y(m)?
2
Suppose 4*f - 101 = -669. Let c = 263 + f. What is the hundreds digit of c?
1
Let t(q) = 8*q + 4*q**2 + 6*q - 25*q + 5*q. What is the units digit of t(4)?
0
Let y be 1925/(-15) + -1 - (-6)/(-9). Let n = y + 236. What is the hundreds digit of n?
1
Suppose 2*x + 5*b = 1474, 2*x + 2*b - 2118 + 638 = 0. What is the tens digit of x?
4
Let s = 135 + -134. Let p(j) = -5 + 10*j - 2*j + 4. What is the units digit of p(s)?
7
Let p(z) be the second derivative of -z**5/20 - z**4/3 + z**3 + z**2 + z. What is the tens digit of p(-6)?
3
Let h(u) be the third derivative of -u**6/60 - u**4/24 - 4*u**2. Let b be h(-1). Suppose -b*z + 17 = -40. What is the tens digit of z?
1
Let q(j) = -j**3 + 16*j**2 + 24*j - 28. What is the tens digit of q(15)?
5
Let c be 282/54 + (-4)/18. Suppose c - 3 = z. Suppose -73 = -2*l - d, -z*l - 4*d + 64 = -0*d. What is the units digit of l?
8
Let v be 1/(2/(-4)) + 3. Let y(b) = 2*b**3 - 5*b**2 - 2*b - 9. Let t(j) = j**3 + j**2 - 1. Let i(u) = v*y(u) - t(u). What is the tens digit of i(7)?
2
Suppose 0 = 5*l - 10. Suppose 3*o + l*o = 670. Suppose q = -r + 25, 2*r + o = 7*r + 2*q. What is the tens digit of r?
2
Suppose f + 1 = 4*o, 3*f + o - 27 = 3*o. Suppose f + 43 = 3*g. What is the units digit of g?
8
Suppose -n = -293 - 96. What is the tens digit of n?
8
What is the hundreds digit of (-9888)/(12 + -10)*(-8)/6?
5
Let q = -104 - -127. Suppose -18*w - 1010 = -q*w. What is the units digit of w?
2
Suppose -3*y - 20 = -13*y. Suppose -10 = -t - 4*f, -12 = -t - 5*f + y*f. What is the tens digit of t?
1
Let w = 965 - 269. What is the units digit of w?
6
Let c(d) = 57*d - 294. What is the tens digit of c(10)?
7
Suppose p + 5*f = 3927, 11*f + 18036 = 3*p + 6229. What is the thousands digit of p?
3
Let i be (-354)/295*(5/(-2))/(-1). Let s(f) = 25*f**2 + 4*f + 9. What is the hundreds digit of s(i)?
2
Let w(y) = 2*y**2 - 29*y - 293. What is the thousands digit of w(34)?
1
Suppose 0*l + 2*l - 40 = -4*u, 4*l - 5*u = 132. Let d = l + -63. What is the units digit of (3 - 3)/(-4) - d?
5
Let u(d) = -d**3 - 15*d**2 + 2*d + 31. What is the hundreds digit of u(-18)?
9
Let h be (-2)/((